{"id":80,"date":"2022-12-14T12:59:45","date_gmt":"2022-12-14T12:59:45","guid":{"rendered":"https:\/\/logikit.com\/?page_id=80"},"modified":"2023-06-27T10:13:42","modified_gmt":"2023-06-27T10:13:42","slug":"logikit","status":"publish","type":"page","link":"https:\/\/logikit.com\/?page_id=80","title":{"rendered":"Logikit"},"content":{"rendered":"<div class=\"wpb-content-wrapper\">[vc_section full_width=\u00bbstretch_row_content\u00bb][vc_row et_full_width=\u00bbtrue\u00bb et_row_padding=\u00bbtrue\u00bb parallax=\u00bbcontent-moving\u00bb css=\u00bb.vc_custom_1678108089958{padding-top: 250px !important;padding-bottom: 70px !important;background-image: url(https:\/\/logikit.com\/wp-content\/uploads\/2022\/12\/banner-logikit.webp?id=83) !important;background-position: center;background-repeat: no-repeat !important;background-size: cover !important;}\u00bb][vc_column et_column_color=\u00bbet-light-column\u00bb][vc_row_inner][vc_column_inner offset=\u00bbvc_col-lg-4 vc_col-md-6&#8243;][vc_column_text css=\u00bb.vc_custom_1671023883244{margin-top: 20px !important;}\u00bb]\n<h1>SOMOS LOGIKIT<\/h1>\n<p><em>Perfiles y sistemas de aluminio para la industria del mueble<\/em>[\/vc_column_text][\/vc_column_inner][\/vc_row_inner][\/vc_column][\/vc_row][\/vc_section][vc_section full_width=\u00bbstretch_row\u00bb css=\u00bb.vc_custom_1670930518779{padding-top: 5% !important;padding-bottom: 5% !important;background: #fbfbfb url(https:\/\/logikit.com\/wp-content\/uploads\/2022\/12\/fondo-logikit-1.jpg?id=32) !important;background-position: 0 0 !important;background-repeat: no-repeat !important;}\u00bb][vc_row et_full_width=\u00bbtrue\u00bb et_row_padding=\u00bbtrue\u00bb css=\u00bb.vc_custom_1579745009383{padding-top: 40px !important;padding-bottom: 40px !important;}\u00bb][vc_column][vc_row_inner content_placement=\u00bbmiddle\u00bb][vc_column_inner width=\u00bb1\/2&#8243; offset=\u00bbvc_hidden-sm vc_hidden-xs\u00bb]\t<div class=\"et-image-444 et-image     et_image_link\">\n\t\t<div class=\"et-image-inner \">\n\t\t\t\t\t\t\t<div class=\"et-image-thumb \">\n\t\t\t\t\t<img loading=\"lazy\" decoding=\"async\" width=\"586\" height=\"745\" src=\"https:\/\/logikit.com\/wp-content\/uploads\/2022\/12\/logikit-1.webp\" class=\"attachment-full\" alt=\"\" title=\"logikit-1\" srcset=\"https:\/\/logikit.com\/wp-content\/uploads\/2022\/12\/logikit-1.webp 586w, https:\/\/logikit.com\/wp-content\/uploads\/2022\/12\/logikit-1-236x300.webp 236w, https:\/\/logikit.com\/wp-content\/uploads\/2022\/12\/logikit-1-118x150.webp 118w\" sizes=\"auto, (max-width: 586px) 100vw, 586px\" \/>\t\t\t\t<\/div>\n\t\t\t\t\t\t\t\t\t\t\t<\/div>\n\t<\/div>\n  [\/vc_column_inner][vc_column_inner width=\u00bb1\/2&#8243; offset=\u00bbvc_hidden-sm vc_hidden-xs\u00bb][vc_column_text]\n<h5>SOBRE NOSOTROS<\/h5>\n<h2>INNOVACI\u00d3N Y DESARROLLO<\/h2>\n[\/vc_column_text][vc_column_text]LOGIKIT es una empresa que se constituy\u00f3 en el a\u00f1o 2001 por un grupo de profesionales con bastantes a\u00f1os de experiencia en la fabricaci\u00f3n de muebles.<br \/>\nEl objetivo era dar servicio a la creciente demanda de productos de aluminio para el sector del mueble, concretamente en el \u00e1rea industrial local en la que nos ubicamos y tambi\u00e9n al resto de las zonas perif\u00e9ricas.<\/p>\n<p>En estos a\u00f1os de historia LOGIKIT se ha convertido en una empresa con presencia en el resto del territorio nacional, con capacidad de ofrecer servicios integrales y personalizados a cada cliente, con la tecnolog\u00eda m\u00e1s avanzada y con un servicio de entrega \u00e1gil, y todo ello a partir de pedidos de peque\u00f1as o grandes series.[\/vc_column_text][\/vc_column_inner][\/vc_row_inner][vc_row_inner content_placement=\u00bbmiddle\u00bb][vc_column_inner offset=\u00bbvc_hidden-lg vc_hidden-md\u00bb]\t<div class=\"et-image-455 et-image     et_image_link\">\n\t\t<div class=\"et-image-inner \">\n\t\t\t\t\t\t\t<div class=\"et-image-thumb \">\n\t\t\t\t\t<img loading=\"lazy\" decoding=\"async\" width=\"586\" height=\"745\" src=\"https:\/\/logikit.com\/wp-content\/uploads\/2022\/12\/logikit-1.webp\" class=\"attachment-full\" alt=\"\" title=\"logikit-1\" srcset=\"https:\/\/logikit.com\/wp-content\/uploads\/2022\/12\/logikit-1.webp 586w, https:\/\/logikit.com\/wp-content\/uploads\/2022\/12\/logikit-1-236x300.webp 236w, https:\/\/logikit.com\/wp-content\/uploads\/2022\/12\/logikit-1-118x150.webp 118w\" sizes=\"auto, (max-width: 586px) 100vw, 586px\" \/>\t\t\t\t<\/div>\n\t\t\t\t\t\t\t\t\t\t\t<\/div>\n\t<\/div>\n  [vc_empty_space height=\u00bb60px\u00bb][vc_column_text]\n<h5>SOBRE NOSOTROS<\/h5>\n<h2>INNOVACI\u00d3N Y DESARROLLO<\/h2>\n[\/vc_column_text][vc_column_text]LOGIKIT es una empresa que se constituy\u00f3 en el a\u00f1o 2001 por un grupo de profesionales con bastantes a\u00f1os de experiencia en la fabricaci\u00f3n de muebles.<br \/>\nEl objetivo era dar servicio a la creciente demanda de productos de aluminio para el sector del mueble, concretamente en el \u00e1rea industrial local en la que nos ubicamos y tambi\u00e9n al resto de las zonas perif\u00e9ricas.<\/p>\n<p>En estos a\u00f1os de historia LOGIKIT se ha convertido en una empresa con presencia en el resto del territorio nacional, con capacidad de ofrecer servicios integrales y personalizados a cada cliente, con la tecnolog\u00eda m\u00e1s avanzada y con un servicio de entrega \u00e1gil, y todo ello a partir de pedidos de peque\u00f1as o grandes series.[\/vc_column_text][vc_empty_space height=\u00bb62px\u00bb][\/vc_column_inner][\/vc_row_inner][\/vc_column][\/vc_row][vc_row et_full_width=\u00bbtrue\u00bb et_row_padding=\u00bbtrue\u00bb css=\u00bb.vc_custom_1579745009383{padding-top: 40px !important;padding-bottom: 40px !important;}\u00bb][vc_column][vc_row_inner content_placement=\u00bbmiddle\u00bb][vc_column_inner width=\u00bb1\/2&#8243; offset=\u00bbvc_hidden-sm vc_hidden-xs\u00bb][vc_column_text]\n<h5>SOBRE NOSOTROS<\/h5>\n<h2>PROFESIONALES DEL ALUMINIO<\/h2>\n[\/vc_column_text][vc_column_text]La amplitud de la oferta y el grado de especializaci\u00f3n alcanzado nos permiten, en los sucesivos a\u00f1os, la presencia de la empresa en el mercado nacional e internacional.<\/p>\n<p>Actualmente estamos cubriendo necesidades a fabricantes de primer orden del sector del mueble de cocina, ba\u00f1o y hogar.<\/p>\n<p>En continua evoluci\u00f3n; en LOGIKIT entendemos que la innovaci\u00f3n y el desarrollo de nuevos productos son cruciales hoy por hoy. Es por esto que contamos con un estrecho contacto y colaboraci\u00f3n entre nuestros clientes y nuestro equipo de dise\u00f1o y desarrollo hace que nuestra oferta de productos no deje de evolucionar hacia las nuevas tendencias y propuestas m\u00e1s vanguardistas del mueble y equipamiento.[\/vc_column_text][\/vc_column_inner][vc_column_inner width=\u00bb1\/2&#8243; offset=\u00bbvc_hidden-sm vc_hidden-xs\u00bb]\t<div class=\"et-image-258 et-image alignright    et_image_link\">\n\t\t<div class=\"et-image-inner \">\n\t\t\t\t\t\t\t<div class=\"et-image-thumb \">\n\t\t\t\t\t<img loading=\"lazy\" decoding=\"async\" width=\"564\" height=\"665\" src=\"https:\/\/logikit.com\/wp-content\/uploads\/2022\/12\/Logikit-6.png\" class=\"attachment-full\" alt=\"\" title=\"Logikit-6\" srcset=\"https:\/\/logikit.com\/wp-content\/uploads\/2022\/12\/Logikit-6.png 564w, https:\/\/logikit.com\/wp-content\/uploads\/2022\/12\/Logikit-6-254x300.png 254w, https:\/\/logikit.com\/wp-content\/uploads\/2022\/12\/Logikit-6-127x150.png 127w\" sizes=\"auto, (max-width: 564px) 100vw, 564px\" \/>\t\t\t\t<\/div>\n\t\t\t\t\t\t\t\t\t\t\t<\/div>\n\t<\/div>\n  [\/vc_column_inner][\/vc_row_inner][vc_row_inner content_placement=\u00bbmiddle\u00bb][vc_column_inner offset=\u00bbvc_hidden-lg vc_hidden-md\u00bb][vc_empty_space height=\u00bb45px\u00bb][vc_column_text]\n<h5>SOBRE NOSOTROS<\/h5>\n<h2>PROFESIONALES DEL ALUMINIO<\/h2>\n[\/vc_column_text][vc_column_text]La amplitud de la oferta y el grado de especializaci\u00f3n alcanzado nos permiten, en los sucesivos a\u00f1os, la presencia de la empresa en el mercado nacional e internacional.<\/p>\n<p>Actualmente estamos cubriendo necesidades a fabricantes de primer orden del sector del mueble de cocina, ba\u00f1o y hogar.<\/p>\n<p>En continua evoluci\u00f3n; en LOGIKIT entendemos que la innovaci\u00f3n y el desarrollo de nuevos productos son cruciales hoy por hoy. Es por esto que contamos con un estrecho contacto y colaboraci\u00f3n entre nuestros clientes y nuestro equipo de dise\u00f1o y desarrollo hace que nuestra oferta de productos no deje de evolucionar hacia las nuevas tendencias y propuestas m\u00e1s vanguardistas del mueble y equipamiento.[\/vc_column_text][vc_empty_space height=\u00bb62px\u00bb]\t<div class=\"et-image-427 et-image alignright    et_image_link\">\n\t\t<div class=\"et-image-inner \">\n\t\t\t\t\t\t\t<div class=\"et-image-thumb \">\n\t\t\t\t\t<img loading=\"lazy\" decoding=\"async\" width=\"564\" height=\"665\" src=\"https:\/\/logikit.com\/wp-content\/uploads\/2022\/12\/Logikit-6.png\" class=\"attachment-full\" alt=\"\" title=\"Logikit-6\" srcset=\"https:\/\/logikit.com\/wp-content\/uploads\/2022\/12\/Logikit-6.png 564w, https:\/\/logikit.com\/wp-content\/uploads\/2022\/12\/Logikit-6-254x300.png 254w, https:\/\/logikit.com\/wp-content\/uploads\/2022\/12\/Logikit-6-127x150.png 127w\" sizes=\"auto, (max-width: 564px) 100vw, 564px\" \/>\t\t\t\t<\/div>\n\t\t\t\t\t\t\t\t\t\t\t<\/div>\n\t<\/div>\n  [vc_empty_space height=\u00bb45px\u00bb][\/vc_column_inner][\/vc_row_inner][\/vc_column][\/vc_row][\/vc_section][vc_section full_width=\u00bbstretch_row\u00bb css=\u00bb.vc_custom_1680689888147{padding-top: 100px !important;padding-bottom: 100px !important;background-image: url(https:\/\/logikit.com\/wp-content\/uploads\/2022\/12\/logikit-2.jpg?id=37) !important;}\u00bb][vc_row content_placement=\u00bbmiddle\u00bb][vc_column width=\u00bb1\/2&#8243;][vc_column_text]\n<h6><span style=\"color: #ffffff;\">ECHA UN VISTAZO A<\/span><\/h6>\n<h2><span style=\"color: #ffffff;\">NUESTRO CAT\u00c1LOGO<\/span><\/h2>\n[\/vc_column_text][\/vc_column][vc_column width=\u00bb1\/2&#8243;][vc_column_text]<span style=\"color: #ffffff;\">Especializados en la elaboraci\u00f3n de art\u00edculos de aluminio<\/span><br \/>\n<span style=\"color: #ffffff;\">a medida para la industria del mueble, principalmente puertas de aluminio en kit y\/o montadas con cristal, tiradores para frentes de armario y muebles en general, estructuras decorativas, etc<\/span>[\/vc_column_text]\t\t<div id=\"et-button-69f5e555a505f\" class=\"et_btn_align_left \">\n\t\t\t<a href=\"https:\/\/logikit.com\/catalogo-2023\/\" class=\" et_btn button et_btn_md link color-light   \"  role=\"button\" title=\"\" ><span>VER CAT\u00c1LOGO<\/span><\/a>\n\t\t<\/div>\n\t\t\n\t[\/vc_column][\/vc_row][\/vc_section][vc_section full_width=\u00bbstretch_row\u00bb css=\u00bb.vc_custom_1670937888710{padding-top: 3% !important;padding-bottom: 3% !important;background-color: #2f415b !important;}\u00bb][vc_row content_placement=\u00bbmiddle\u00bb][vc_column width=\u00bb1\/2&#8243; offset=\u00bbvc_hidden-sm vc_hidden-xs\u00bb][vc_column_text]\n<h6><span style=\"color: #ffffff;\">CONTACTO<\/span><\/h6>\n<h2><span style=\"color: #ffffff;\">\u00a1ESCR\u00cdBENOS!<\/span><\/h2>\n[\/vc_column_text][\/vc_column][vc_column width=\u00bb1\/2&#8243; css=\u00bb.vc_custom_1680689637045{padding-left: 50px !important;}\u00bb offset=\u00bbvc_hidden-sm vc_hidden-xs\u00bb][vc_column_text]<span style=\"color: #ffffff;\">Si tienes alguna duda, o deseas trabajar con nosotros, no dudes en escribirnos. Te contestaremos lo antes posible.<\/span>[\/vc_column_text]\t\t<div id=\"et-button-69f5e555a50b8\" class=\"et_btn_align_left \">\n\t\t\t<a href=\"https:\/\/logikit.com\/contacto\/\" class=\" et_btn button et_btn_md link color-light  arrow-enabled \"  role=\"button\" title=\"\" ><span>\u00bfTIENES ALGUNA DUDA?<\/span><svg xmlns=\"http:\/\/www.w3.org\/2000\/svg\" xmlns:xlink=\"http:\/\/www.w3.org\/1999\/xlink\" x=\"0px\" y=\"0px\"\r\n\t width=\"30px\" height=\"18px\" viewBox=\"0 0 30 18\" enable-background=\"new 0 0 30 18\" xml:space=\"preserve\">\r\n<path class=\"handle\" d=\"M20.305,16.212c-0.407,0.409-0.407,1.071,0,1.479s1.068,0.408,1.476,0l7.914-7.952c0.408-0.409,0.408-1.071,0-1.481\r\n\tl-7.914-7.952c-0.407-0.409-1.068-0.409-1.476,0s-0.407,1.071,0,1.48l7.185,7.221L20.305,16.212z\"\/>\r\n<path class=\"bar\" fill-rule=\"evenodd\" clip-rule=\"evenodd\" d=\"M1,8h28.001c0.551,0,1,0.448,1,1c0,0.553-0.449,1-1,1H1c-0.553,0-1-0.447-1-1\r\n\tC0,8.448,0.447,8,1,8z\"\/>\r\n<\/svg>\r\n<\/a>\n\t\t<\/div>\n\t\t\n\t[\/vc_column][\/vc_row][vc_row content_placement=\u00bbmiddle\u00bb][vc_column offset=\u00bbvc_hidden-lg vc_hidden-md\u00bb][vc_empty_space height=\u00bb45px\u00bb][vc_column_text]\n<h6><span style=\"color: #ffffff;\">CONTACTO<\/span><\/h6>\n<h2><span style=\"color: #ffffff;\">\u00a1ESCR\u00cdBENOS!<\/span><\/h2>\n[\/vc_column_text][vc_column_text]<span style=\"color: #ffffff;\">Si tienes alguna duda, o deseas trabajar con nosotros, no dudes en escribirnos. Te contestaremos lo antes posible.<\/span>[\/vc_column_text]\t\t<div id=\"et-button-69f5e555a51eb\" class=\"et_btn_align_left \">\n\t\t\t<a href=\"https:\/\/logikit.com\/contacto\/\" class=\" et_btn button et_btn_md link color-light  arrow-enabled \"  role=\"button\" title=\"\" ><span>\u00bfTIENES ALGUNA DUDA?<\/span><svg xmlns=\"http:\/\/www.w3.org\/2000\/svg\" xmlns:xlink=\"http:\/\/www.w3.org\/1999\/xlink\" x=\"0px\" y=\"0px\"\r\n\t width=\"30px\" height=\"18px\" viewBox=\"0 0 30 18\" enable-background=\"new 0 0 30 18\" xml:space=\"preserve\">\r\n<path class=\"handle\" d=\"M20.305,16.212c-0.407,0.409-0.407,1.071,0,1.479s1.068,0.408,1.476,0l7.914-7.952c0.408-0.409,0.408-1.071,0-1.481\r\n\tl-7.914-7.952c-0.407-0.409-1.068-0.409-1.476,0s-0.407,1.071,0,1.48l7.185,7.221L20.305,16.212z\"\/>\r\n<path class=\"bar\" fill-rule=\"evenodd\" clip-rule=\"evenodd\" d=\"M1,8h28.001c0.551,0,1,0.448,1,1c0,0.553-0.449,1-1,1H1c-0.553,0-1-0.447-1-1\r\n\tC0,8.448,0.447,8,1,8z\"\/>\r\n<\/svg>\r\n<\/a>\n\t\t<\/div>\n\t\t\n\t[vc_empty_space height=\u00bb45px\u00bb][\/vc_column][\/vc_row][\/vc_section]\n<\/div>","protected":false},"excerpt":{"rendered":"<p>[vc_section full_width=\u00bbstretch_row_content\u00bb][vc_row et_full_width=\u00bbtrue\u00bb et_row_padding=\u00bbtrue\u00bb parallax=\u00bbcontent-moving\u00bb css=\u00bb.vc_custom_1678108089958{padding-top: 250px !important;padding-bottom: 70px !important;background-image: url(https:\/\/logikit.com\/wp-content\/uploads\/2022\/12\/banner-logikit.webp?id=83) !important;background-position: center;background-repeat: no-repeat !important;background-size: cover !important;}\u00bb][vc_column et_column_color=\u00bbet-light-column\u00bb][vc_row_inner][vc_column_inner offset=\u00bbvc_col-lg-4 vc_col-md-6&#8243;][vc_column_text css=\u00bb.vc_custom_1671023883244{margin-top: 20px !important;}\u00bb] SOMOS LOGIKIT Perfiles y sistemas de aluminio para la industria del mueble[\/vc_column_text][\/vc_column_inner][\/vc_row_inner][\/vc_column][\/vc_row][\/vc_section][vc_section full_width=\u00bbstretch_row\u00bb css=\u00bb.vc_custom_1670930518779{padding-top: 5% !important;padding-bottom: 5% !important;background: #fbfbfb url(https:\/\/logikit.com\/wp-content\/uploads\/2022\/12\/fondo-logikit-1.jpg?id=32) !important;background-position: 0 0 !important;background-repeat: no-repeat !important;}\u00bb][vc_row et_full_width=\u00bbtrue\u00bb [&hellip;]<\/p>\n","protected":false},"author":2,"featured_media":0,"parent":0,"menu_order":0,"comment_status":"closed","ping_status":"closed","template":"","meta":{"footnotes":""},"class_list":["post-80","page","type-page","status-publish","hentry"],"yoast_head":"<!-- This site is optimized with the Yoast SEO plugin v27.4 - https:\/\/yoast.com\/product\/yoast-seo-wordpress\/ -->\n<title>Logikit | Profesionales del Aluminio<\/title>\n<meta name=\"description\" content=\"La amplitud de la oferta y el grado de especializaci\u00f3n alcanzado nos permiten, en los sucesivos a\u00f1os, la presencia de la empresa en el mercado nacional e internacional.\" \/>\n<meta name=\"robots\" content=\"index, follow, max-snippet:-1, max-image-preview:large, max-video-preview:-1\" \/>\n<link rel=\"canonical\" href=\"https:\/\/logikit.com\/?page_id=80\" \/>\n<meta property=\"og:locale\" content=\"es_ES\" \/>\n<meta property=\"og:type\" content=\"article\" \/>\n<meta property=\"og:title\" content=\"Logikit | Profesionales del Aluminio\" \/>\n<meta property=\"og:description\" content=\"La amplitud de la oferta y el grado de especializaci\u00f3n alcanzado nos permiten, en los sucesivos a\u00f1os, la presencia de la empresa en el mercado nacional e internacional.\" \/>\n<meta property=\"og:url\" content=\"https:\/\/logikit.com\/?page_id=80\" \/>\n<meta property=\"og:site_name\" content=\"Logikit\" \/>\n<meta property=\"article:modified_time\" content=\"2023-06-27T10:13:42+00:00\" \/>\n<meta property=\"og:image\" content=\"https:\/\/logikit.com\/wp-content\/uploads\/2023\/02\/at-1.webp\" \/>\n\t<meta property=\"og:image:width\" content=\"1200\" \/>\n\t<meta property=\"og:image:height\" content=\"1200\" \/>\n\t<meta property=\"og:image:type\" content=\"image\/webp\" \/>\n<meta name=\"twitter:card\" content=\"summary_large_image\" \/>\n<meta name=\"twitter:title\" content=\"Logikit | Profesionales del Aluminio\" \/>\n<meta name=\"twitter:description\" content=\"La amplitud de la oferta y el grado de especializaci\u00f3n alcanzado nos permiten, en los sucesivos a\u00f1os, la presencia de la empresa en el mercado nacional e internacional.\" \/>\n<meta name=\"twitter:image\" content=\"https:\/\/logikit.com\/wp-content\/uploads\/2023\/02\/at-1.webp\" \/>\n<meta name=\"twitter:label1\" content=\"Tiempo de lectura\" \/>\n\t<meta name=\"twitter:data1\" content=\"4 minutos\" \/>\n<script type=\"application\/ld+json\" class=\"yoast-schema-graph\">{\"@context\":\"https:\\\/\\\/schema.org\",\"@graph\":[{\"@type\":\"WebPage\",\"@id\":\"https:\\\/\\\/logikit.com\\\/?page_id=80\",\"url\":\"https:\\\/\\\/logikit.com\\\/?page_id=80\",\"name\":\"Logikit | Profesionales del Aluminio\",\"isPartOf\":{\"@id\":\"https:\\\/\\\/logikit.com\\\/#website\"},\"datePublished\":\"2022-12-14T12:59:45+00:00\",\"dateModified\":\"2023-06-27T10:13:42+00:00\",\"description\":\"La amplitud de la oferta y el grado de especializaci\u00f3n alcanzado nos permiten, en los sucesivos a\u00f1os, la presencia de la empresa en el mercado nacional e internacional.\",\"breadcrumb\":{\"@id\":\"https:\\\/\\\/logikit.com\\\/?page_id=80#breadcrumb\"},\"inLanguage\":\"es\",\"potentialAction\":[{\"@type\":\"ReadAction\",\"target\":[\"https:\\\/\\\/logikit.com\\\/?page_id=80\"]}]},{\"@type\":\"BreadcrumbList\",\"@id\":\"https:\\\/\\\/logikit.com\\\/?page_id=80#breadcrumb\",\"itemListElement\":[{\"@type\":\"ListItem\",\"position\":1,\"name\":\"Portada\",\"item\":\"https:\\\/\\\/logikit.com\\\/\"},{\"@type\":\"ListItem\",\"position\":2,\"name\":\"Logikit\"}]},{\"@type\":\"WebSite\",\"@id\":\"https:\\\/\\\/logikit.com\\\/#website\",\"url\":\"https:\\\/\\\/logikit.com\\\/\",\"name\":\"Logikit\",\"description\":\"Perfiles y Sistemas de Aluminio\",\"publisher\":{\"@id\":\"https:\\\/\\\/logikit.com\\\/#organization\"},\"potentialAction\":[{\"@type\":\"SearchAction\",\"target\":{\"@type\":\"EntryPoint\",\"urlTemplate\":\"https:\\\/\\\/logikit.com\\\/?s={search_term_string}\"},\"query-input\":{\"@type\":\"PropertyValueSpecification\",\"valueRequired\":true,\"valueName\":\"search_term_string\"}}],\"inLanguage\":\"es\"},{\"@type\":\"Organization\",\"@id\":\"https:\\\/\\\/logikit.com\\\/#organization\",\"name\":\"Logikit\",\"url\":\"https:\\\/\\\/logikit.com\\\/\",\"logo\":{\"@type\":\"ImageObject\",\"inLanguage\":\"es\",\"@id\":\"https:\\\/\\\/logikit.com\\\/#\\\/schema\\\/logo\\\/image\\\/\",\"url\":\"https:\\\/\\\/logikit.com\\\/wp-content\\\/uploads\\\/2022\\\/12\\\/logo-logikit-BV.png\",\"contentUrl\":\"https:\\\/\\\/logikit.com\\\/wp-content\\\/uploads\\\/2022\\\/12\\\/logo-logikit-BV.png\",\"width\":203,\"height\":63,\"caption\":\"Logikit\"},\"image\":{\"@id\":\"https:\\\/\\\/logikit.com\\\/#\\\/schema\\\/logo\\\/image\\\/\"}}]}<\/script>\n<!-- \/ Yoast SEO plugin. -->","yoast_head_json":{"title":"Logikit | Profesionales del Aluminio","description":"La amplitud de la oferta y el grado de especializaci\u00f3n alcanzado nos permiten, en los sucesivos a\u00f1os, la presencia de la empresa en el mercado nacional e internacional.","robots":{"index":"index","follow":"follow","max-snippet":"max-snippet:-1","max-image-preview":"max-image-preview:large","max-video-preview":"max-video-preview:-1"},"canonical":"https:\/\/logikit.com\/?page_id=80","og_locale":"es_ES","og_type":"article","og_title":"Logikit | Profesionales del Aluminio","og_description":"La amplitud de la oferta y el grado de especializaci\u00f3n alcanzado nos permiten, en los sucesivos a\u00f1os, la presencia de la empresa en el mercado nacional e internacional.","og_url":"https:\/\/logikit.com\/?page_id=80","og_site_name":"Logikit","article_modified_time":"2023-06-27T10:13:42+00:00","og_image":[{"width":1200,"height":1200,"url":"https:\/\/logikit.com\/wp-content\/uploads\/2023\/02\/at-1.webp","type":"image\/webp"}],"twitter_card":"summary_large_image","twitter_title":"Logikit | Profesionales del Aluminio","twitter_description":"La amplitud de la oferta y el grado de especializaci\u00f3n alcanzado nos permiten, en los sucesivos a\u00f1os, la presencia de la empresa en el mercado nacional e internacional.","twitter_image":"https:\/\/logikit.com\/wp-content\/uploads\/2023\/02\/at-1.webp","twitter_misc":{"Tiempo de lectura":"4 minutos"},"schema":{"@context":"https:\/\/schema.org","@graph":[{"@type":"WebPage","@id":"https:\/\/logikit.com\/?page_id=80","url":"https:\/\/logikit.com\/?page_id=80","name":"Logikit | Profesionales del Aluminio","isPartOf":{"@id":"https:\/\/logikit.com\/#website"},"datePublished":"2022-12-14T12:59:45+00:00","dateModified":"2023-06-27T10:13:42+00:00","description":"La amplitud de la oferta y el grado de especializaci\u00f3n alcanzado nos permiten, en los sucesivos a\u00f1os, la presencia de la empresa en el mercado nacional e internacional.","breadcrumb":{"@id":"https:\/\/logikit.com\/?page_id=80#breadcrumb"},"inLanguage":"es","potentialAction":[{"@type":"ReadAction","target":["https:\/\/logikit.com\/?page_id=80"]}]},{"@type":"BreadcrumbList","@id":"https:\/\/logikit.com\/?page_id=80#breadcrumb","itemListElement":[{"@type":"ListItem","position":1,"name":"Portada","item":"https:\/\/logikit.com\/"},{"@type":"ListItem","position":2,"name":"Logikit"}]},{"@type":"WebSite","@id":"https:\/\/logikit.com\/#website","url":"https:\/\/logikit.com\/","name":"Logikit","description":"Perfiles y Sistemas de Aluminio","publisher":{"@id":"https:\/\/logikit.com\/#organization"},"potentialAction":[{"@type":"SearchAction","target":{"@type":"EntryPoint","urlTemplate":"https:\/\/logikit.com\/?s={search_term_string}"},"query-input":{"@type":"PropertyValueSpecification","valueRequired":true,"valueName":"search_term_string"}}],"inLanguage":"es"},{"@type":"Organization","@id":"https:\/\/logikit.com\/#organization","name":"Logikit","url":"https:\/\/logikit.com\/","logo":{"@type":"ImageObject","inLanguage":"es","@id":"https:\/\/logikit.com\/#\/schema\/logo\/image\/","url":"https:\/\/logikit.com\/wp-content\/uploads\/2022\/12\/logo-logikit-BV.png","contentUrl":"https:\/\/logikit.com\/wp-content\/uploads\/2022\/12\/logo-logikit-BV.png","width":203,"height":63,"caption":"Logikit"},"image":{"@id":"https:\/\/logikit.com\/#\/schema\/logo\/image\/"}}]}},"_links":{"self":[{"href":"https:\/\/logikit.com\/index.php?rest_route=\/wp\/v2\/pages\/80","targetHints":{"allow":["GET"]}}],"collection":[{"href":"https:\/\/logikit.com\/index.php?rest_route=\/wp\/v2\/pages"}],"about":[{"href":"https:\/\/logikit.com\/index.php?rest_route=\/wp\/v2\/types\/page"}],"author":[{"embeddable":true,"href":"https:\/\/logikit.com\/index.php?rest_route=\/wp\/v2\/users\/2"}],"replies":[{"embeddable":true,"href":"https:\/\/logikit.com\/index.php?rest_route=%2Fwp%2Fv2%2Fcomments&post=80"}],"version-history":[{"count":21,"href":"https:\/\/logikit.com\/index.php?rest_route=\/wp\/v2\/pages\/80\/revisions"}],"predecessor-version":[{"id":1168,"href":"https:\/\/logikit.com\/index.php?rest_route=\/wp\/v2\/pages\/80\/revisions\/1168"}],"wp:attachment":[{"href":"https:\/\/logikit.com\/index.php?rest_route=%2Fwp%2Fv2%2Fmedia&parent=80"}],"curies":[{"name":"wp","href":"https:\/\/api.w.org\/{rel}","templated":true}]}}